, 9000791
List the prime factors of 125266952.
2, 67, 103, 2269
What are the prime factors of 1182070220?
2, 5, 59103511
List the prime factors of 2472372070.
2, 5, 7, 35319601
What are the prime factors of 264571840?
2, 5, 13, 63599
List the prime factors of 32186210.
2, 5, 7, 459803
List the prime factors of 1232939079.
3, 136993231
List the prime factors of 696695650.
2, 5, 7, 1990559
What are the prime factors of 119422549?
59, 2024111
What are the prime factors of 25196087?
7, 31, 67, 1733
What are the prime factors of 101242425?
3, 5, 43, 31393
List the prime factors of 6109397.
7, 43, 20297
What are the prime factors of 819086566?
2, 8527, 48029
What are the prime factors of 46523354?
2, 479, 48563
What are the prime factors of 25061270?
2, 5, 13, 263, 733
List the prime factors of 26347848.
2, 3, 37, 29671
What are the prime factors of 173204673?
3, 57734891
What are the prime factors of 178843501?
178843501
What are the prime factors of 113757294?
2, 3, 7, 19, 142553
List the prime factors of 118079760.
2, 3, 5, 53, 9283
List the prime factors of 918944511.
3, 79, 3877403
What are the prime factors of 850975302?
2, 3, 141829217
List the prime factors of 76178048.
2, 595141
What are the prime factors of 417084126?
2, 3, 69514021
List the prime factors of 2730302953.
7, 223, 1749073
List the prime factors of 89611803.
3, 9956867
What are the prime factors of 48820126?
2, 3203, 7621
List the prime factors of 156574317.
3, 23, 103, 22031
List the prime factors of 1867889065.
5, 7, 7624037
List the prime factors of 348209012.
2, 43, 2024471
List the prime factors of 112739243.
112739243
What are the prime factors of 8535338713?
11, 41, 1279, 14797
What are the prime factors of 40211607?
3, 13403869
What are the prime factors of 71617322?
2, 7, 730789
List the prime factors of 1871740946.
2, 6949, 134677
List the prime factors of 27954539.
929, 30091
What are the prime factors of 105974679?
3, 59, 598727
What are the prime factors of 10400033?
7, 1485719
What are the prime factors of 8382766?
2, 7, 313, 1913
List the prime factors of 104227935.
3, 5, 7, 17, 58391
List the prime factors of 45259299.
3, 5028811
What are the prime factors of 69299997?
3, 13, 1776923
List the prime factors of 35704068.
2, 3, 2975339
What are the prime factors of 31021995?
3, 5, 2068133
What are the prime factors of 47961043?
13, 3689311
List the prime factors of 4096794528.
2, 3, 14224981
List the prime factors of 1790338631.
19, 241, 390989
What are the prime factors of 995000707?
31, 37, 61, 14221
What are the prime factors of 229597354?
2, 7, 16399811
What are the prime factors of 114831007?
114831007
List the prime factors of 10554796.
2, 7, 157
List the prime factors of 2753564096.
2, 103, 137, 3049
List the prime factors of 2804570516.
2, 11, 3797, 16787
What are the prime factors of 2983917302?
2, 431, 599, 5779
What are the prime factors of 8253808685?
5, 223, 7402519
What are the prime factors of 58067218?
2, 11, 2639419
List the prime factors of 1858146818.
2, 11, 17, 73, 68059
What are the prime factors of 262870227?
3, 29207803
List the prime factors of 80535365.
5, 31, 79, 6577
What are the prime factors of 25206119?
113, 223063
What are the prime factors of 2497269034?
2, 13, 509, 188701
What are the prime factors of 51975704?
2, 11, 97, 6089
List the prime factors of 6295792.
2, 393487
What are the prime factors of 57299278?
2, 28649639
What are the prime factors of 4463886403?
89, 191, 262597
What are the prime factors of 1519336094?
2, 1571, 483557
What are the prime factors of 658860421?
191, 3449531
What are the prime factors of 1070762078?
2, 701, 763739
What are the prime factors of 8458120?
2, 5, 11, 47, 409
What are the prime factors of 992866398?
2, 3, 165477733
What are the prime factors of 351322096?
2, 21957631
What are the prime factors of 75094241?
23, 3264967
List the prime factors of 919404672.
2, 3, 43, 55681
What are the prime factors of 1339989900?
2, 3, 5, 911, 4903
List the prime factors of 835803069.
3, 1117, 249419
What are the prime factors of 162927506?
2, 7, 31, 83, 4523
What are the prime factors of 98159801?
433, 226697
What are the prime factors of 10307910?
2, 3, 5, 23, 14939
List the prime factors of 14250966.
2, 3, 131, 18131
List the prime factors of 305881895.
5, 11, 2029, 2741
List the prime factors of 25108044.
2, 3, 13, 19, 43, 197
What are the prime factors of 55387028?
2, 1069, 12953
List the prime factors of 59411027.
13, 4570079
What are the prime factors of 114756231?
3, 1697, 22541
What are the prime factors of 1831196?
2, 457799
List the prime factors of 92939680.
2, 5, 17, 47, 727
What are the prime factors of 3685135979?
7, 131, 30677
List the prime factors of 4445312013.
3, 493923557
What are the prime factors of 3716275398?
2, 3, 11, 19, 683, 4339
What are the prime factors of 6302126?
2, 743, 4241
What are the prime factors of 51074879?
51074879
What are the prime factors of 74202670?
2, 5, 587, 12641
List the prime factors of 7673634.
2, 3, 139, 3067
What are the prime factors of 1382220234?
2, 3, 25596671
List the prime factors of 18370630.
2, 5, 29, 63347
List the prime factors of 2497725838.
2, 491, 2543509
What are the prime factors of 521260129?
13, 40096933
List the prime factors of 111223965.
3, 5, 7414931
List the prime factors of 485211598.
2, 6577, 36887
What are the prime factors of 233631033?
3, 23, 131, 25847
List the prime factors of 12685226.
2, 229, 27697
List the prime factors of 23604670.
2, 5, 17, 23, 6037
What are the prime factors of 75181833?
3, 29, 288053
List the prime factors of 95872306.
2, 1049, 45697
List the prime factors of 2946339588.
2, 3, 107, 1087, 2111
What are the prime factors of 157500351?
3, 1117, 15667
What are the prime factors of 297383827?
13, 22875679
List the prime factors of 1394879449.
3319, 420271
List the prime factors of 2437824170.
2, 5, 243782417
List the prime factors of 189623133.
3, 7, 89, 11273
What are the prime factors of 2933939?
251, 11689
List the prime factors of 78172337.
137, 570601
What are the prime factors of 774924036?
2, 3, 64577003
What are the prime factors of 26739828?
2, 3, 247591
What are the prime factors of 327788323?
19, 73, 236329
List the prime factors of 2362184100.
2, 3, 5, 359, 2437
List the prime factors of 413546410.
2, 5, 37, 257, 4349
List the prime factors of 188765575.
5, 317, 23819
What are the prime factors of 89403953?
89403953
What are the prime factors of 1064948177?
31, 34353167
What are the prime factors of 2801928208?
2, 67, 2613739
List the prime factors of 3636006276.
2, 3, 7, 53, 71, 11503
List the prime factors of 444209714.
2, 13, 17084989
What are the prime factors of 32826822?
2, 3, 7, 53, 14747
What are the prime factors of 600989207?
7, 13, 53, 353
What are the prime factors of 1922141148?
2, 3, 160178429
What are the prime factors of 14053855?
5, 157, 17903
What are the prime factors of 32600985?
3, 5, 17, 173, 739
List the prime factors of 220002197.
19, 173, 66931
What are the prime factors of 90525501?
3, 11, 29, 31531
List the prime factors of 394126655.
5, 13, 79, 76753
What are the prime factors of 1852236250?
2, 5, 337, 4397
List the prime factors of 40899468.
2, 3, 41, 97, 857
List the prime factors of 58271358.
2, 3, 9711893
What are the prime factors of 884836122?
2, 3, 147472687
What are the prime factors of 15068353?
15068353
List the prime factors of 75405733.
13, 31, 187111
What are the prime factors of 6458328139?
47, 2137, 64301
What are the prime factors of 139119480?
2, 3, 5, 601, 643
What are the prime factors of 37809006?
2, 3, 6301501
List the prime factors of 229033533.
3, 347, 220013
List the prime factors of 47844288.
2, 3, 83063
What are the prime factors of 181361516?
2, 7, 59, 311, 353
What are the prime factors of 306391996?
2, 173, 442763
What are the prime factors of 156245925?
3, 5, 11, 189389
List the prime factors of 301628409.
3, 719, 139837
What are the prime factors of 9087106?
2, 7, 649079
List the prime factors of 1062411389.
13, 81723953
List the prime factors of 114516038.
2, 7, 13, 12841
What are the prime factors of 1194535673?
1194535673
What are the prime factors of 6278606?
2, 3139303
What are the prime factors of 336670622?
2, 37, 563, 8081
Wh